
11
Suppose 0*b + 2*b = 30, o + 26*b = 21*b + 175. Let y be (-2 - -4)/(2/100). Calculate the highest common divisor of y and o.
100
Let f(r) = -55*r + 306. Let c be f(17). Let i = c + 699. What is the highest common divisor of 105 and i?
35
Suppose 2312*q + 85 = 2*s + 2317*q, 0 = 5*s - 4*q - 31. Let n be 4 + -3 + 479*1. What is the greatest common divisor of n and s?
15
Let r be ((-1)/(-3))/((0 + 1)*(-52)/7956). Suppose -3*w - 50 = -2*w. Let g = w - r. What is the greatest common divisor of g and 3?
1
Let b = -96 + 168. Suppose 70*i - 523 = 107. Calculate the highest common factor of i and b.
9
Let t(p) = -p**3 - 39*p**2 - 74*p + 12. Let q be t(-37). Let g be (3664/10 - 3) + q/(-30). What is the highest common factor of 33 and g?
33
Let b be -6*(56/(-6))/2. Let z be (-1)/1*10/20*-26. Suppose -5*x - 89 = -3*p, 73 + z = 3*p - 2*x. What is the greatest common factor of b and p?
28
Suppose -5*c + 691 - 23125 = -3*t, t - 4*c = 7499. Calculate the highest common divisor of t and 17.
17
Suppose 0 = 159*s - 162*s + 81. What is the greatest common divisor of s and 8253?
9
Let q(v) = -3*v**2 + 21*v + 36. Let n(j) = -7*j**2 + 43*j + 72. Let r(s) = -2*n(s) + 5*q(s). Let x be r(15). Calculate the greatest common factor of 48 and x.
48
Suppose -3*k = -12, -149*k - 9956 = -3*a - 148*k. Calculate the greatest common factor of a and 120.
40
Suppose 0 = 3*x - 12. Let d be -15 + 14 - (-14)/2. Calculate the greatest common factor of d and x.
2
Suppose 15*u - 13*u = -4. Let q be 3*(u - -1) - -21. Suppose 0*z + 48 = 4*z. What is the highest common factor of q and z?
6
Let c be -1 - (18/(-63))/(1/7). Let z be 1/c - 4 - -183. Suppose 4*p - z = -4*x, 4*x - 5*x + 2 = 0. What is the greatest common divisor of 344 and p?
43
Let o(a) = -a**3 - 79*a**2 + 602*a + 6. Let u be o(-86). Calculate the highest common factor of u and 20.
2
Let g = -1 - -7. Let b(y) = -y + 17. Suppose 0*q = -4*q + 8. Let a be b(q). What is the greatest common divisor of a and g?
3
Let b(w) = -8*w**2 + 2*w + 1. Let r be b(-1). Suppose 70*k - 1292 = 2*k. Let i = k + r. What is the greatest common factor of i and 50?
10
Let n = 217 - 215. Let z(g) = 20*g - 10. Let p be z(3). Calculate the highest common divisor of p and n.
2
Let y(w) = 253*w + 8221. Let v be y(8). Calculate the highest common factor of v and 15.
15
Let v be (-24)/(-9)*1236/8. Suppose -404 = -6*x + v. Suppose -x = -3*k - k. Calculate the greatest common divisor of k and 136.
34
Let t = -5672 + 6166. Calculate the greatest common divisor of 26 and t.
26
Let b(k) = 13*k + 1. Let g be b(1). Suppose 0 = -2*r - 171 + 1. Let w be (-20)/6*714/r. Calculate the highest common factor of w and g.
14
Let q(m) = m**2 - 8*m + 6. Suppose -x + 2 = -0. Let z be q(x). Let p be (-7)/((-49)/68) + z/(-21). Calculate the greatest common factor of 5 and p.
5
Let k be (-7 - 1)*1 - (-397 - -227). Calculate the highest common divisor of 12 and k.
6
Suppose -5*u - 817 - 725 = -2*o, -u - 1558 = -2*o. What is the highest common divisor of 497 and o?
71
Let i(a) be the second derivative of 4*a**3/3 + 13*a**2 + 25*a. Let m be i(11). Let x = 198 - m. Calculate the greatest common divisor of 12 and x.
12
Suppose 56 = 2*n - 2*f - 3*f, 3*n = 2*f + 73. Let j = 9421 - 8892. Calculate the highest common factor of n and j.
23
Let g be (-2)/8 - (-362)/8. Suppose 260 = 20*a - 0. Suppose -2*v = -2*r + 50, 8*v + 25 = a*v. What is the highest common factor of r and g?
15
Let n = -1496 - -1510. Let l(g) = -2*g + 8. Let f be l(-8). Suppose 69 = 4*h - 3*r - 55, -h - r + f = 0. What is the highest common factor of h and n?
14
Suppose -107*d + 3096 + 5310 = -5290. What is the greatest common divisor of 320 and d?
64
Let j = 18 - -6. Let u be (1 + 53)*(-60)/(-90). Calculate the highest common divisor of j and u.
12
Let h = 16 - 16. Let o(c) = c**2 + c + 24. Let l be o(h). Suppose -3*f + 647 = 575. What is the highest common factor of l and f?
24
Let r(i) = 3*i - 10. Let k = -14 + 22. Let b be r(k). Let v(c) = -29*c**3 + c**2 + 2*c. Let n be v(-1). Calculate the highest common factor of n and b.
14
Let l(b) = 177*b**2 - 16*b + 23. Let s be l(7). What is the greatest common factor of s and 592?
296
Let t(h) = -h**3 - 10*h**2 + 10*h - 5. Let j be t(-11). Let w(l) = -138*l + 1527. Let v be w(11). What is the greatest common factor of v and j?
3
Suppose -16*h + 2*b + 801 = -15*h, -7*h - 3*b + 5607 = 0. Calculate the highest common factor of 369 and h.
9
Suppose 0 = -0*k - 3*k + 264. Let i(u) = 118*u + 296. Let l be i(-6). Let m = l - -420. What is the highest common factor of k and m?
8
Let y be 6/36*-9*(125 - 1). Let w = 226 + y. Calculate the highest common factor of w and 300.
20
Let k be (9582/8)/3 - 7/28. Let r(g) = -123*g - 60. Let v be r(-1). Calculate the greatest common divisor of v and k.
21
Let h(a) = a**2 - 25*a + 38. Suppose 5*b + 86 = 4*u - 55, 3*b + 73 = 2*u. Let w be h(u). Let n = 19 - 5. Calculate the greatest common factor of n and w.
14
Suppose -12 = -3*g + 3*o, 0*o + 1 = g - 4*o. Let r(f) = 3 + 5*f + 3 + 2 + 0*f. Let i be r(g). What is the highest common factor of i and 11?
11
Suppose 18*n = -31990 + 9418. Let j = n + 2178. Calculate the greatest common factor of j and 28.
28
Suppose 4*p + 4*y - 8*y = 100, -2*p - 5*y = -64. Calculate the highest common factor of 3888 and p.
27
Suppose 0 = -p - z + 3, 8*p + 16 = 4*p + 3*z. Let y be 2/p + (2 - 6 - -150). Let o be y/32*2/3. What is the greatest common divisor of o and 3?
3
Let l be (-100)/(141/94 + (-22)/12). Calculate the greatest common divisor of 180 and l.
60
Let t be (-20)/5*681/(-12). Let v be t + (4 - -2) + 1. What is the highest common factor of 26 and v?
26
Let w = -49 - -55. Suppose -w*j = -j + 9460. Let u be j/(-22) - (1 + 1 + 0). What is the greatest common factor of 42 and u?
42
Let k(g) = 31*g + 1. Let v be k(6). Let a = 11776 - 11759. What is the highest common factor of a and v?
17
Let j = 8369 + -2825. Calculate the highest common divisor of 88 and j.
88
Let j(k) = -k**2 + 3*k + 21. Let d be j(6). Suppose -3*z + z + 10 = 4*i, -3*i = 2*z - 5. Calculate the highest common divisor of i and d.
1
Suppose 4*h = w + 271, 824 = -3*w - h + 2*h. Let c be 9336/6*(-2)/(-8). Let d = w + c. What is the highest common divisor of d and 19?
19
Let r(v) = v**3 + 13*v**2 - 50*v - 35. Let z be r(-13). Calculate the greatest common factor of 41 and z.
41
Suppose -50*i + 72*i = 88. Suppose -4*p + 5*p + 2 = 0. Let u(v) = -5*v**3 - 2*v**2. Let w be u(p). Calculate the highest common divisor of i and w.
4
Let n be 2 + -3 + (3 - -1). Suppose 0 = n*a + 9, -2*s + 3*a = 2*s - 41. Let x = -161767 + 161855. What is the greatest common factor of x and s?
8
Let p(l) = -39*l - 723. Let v be p(-21). What is the highest common factor of v and 4128?
96
Let y be (-15)/5 + 5 + 6/(-3). Suppose -2*t = v - 200, 4*t + 0*v + v - 402 = y. Suppose t - 9 = j. What is the highest common factor of j and 46?
46
Let c(l) = 377*l + 5249. Let v be c(-7). What is the greatest common divisor of 720 and v?
90
Suppose 5*f - 60 = 2*f. Let b(x) = 34*x + 5126. Let j be b(-129). What is the greatest common divisor of f and j?
20
Let n(l) = 23*l**3 - 2*l**2 - l - 5. Let q be n(-2). Let z = q + 203. Calculate the highest common divisor of 216 and z.
8
Suppose -16 = 4*t - 8*t. Let g be (2 - -1)*(-110)/33. Let u = g + 11. Calculate the greatest common divisor of t and u.
1
Let v(z) = -2*z**2 - 58*z + 376. Let i be v(-32). What is the highest common factor of i and 22?
2
Suppose 2*x - x - 15 = 0. Let f(s) = -2*s**2 + 30*s + 71. Let d be f(18). Let w = 97 + d. Calculate the greatest common factor of w and x.
15
Let p(q) = 6*q**2 + 15*q + 8. Let g be p(-5). Let z = 113 - g. Suppose 0 = -4*f + 60. Calculate the highest common divisor of f and z.
15
Suppose 0 = -3*q + 1 - 7. Let o = q - -3. Let k = -22492 + 22496. Calculate the highest common divisor of k and o.
1
Suppose 1076 = 107*b - 62 + 68. What is the highest common divisor of b and 1990?
10
Suppose -l + 351 = 20*l + 6*l. Let y(c) = c**3 + 2*c**2 - c - 1. Let q be y(2). Calculate the highest common divisor of q and l.
13
Let o(u) = 68*u**2 + 6*u - 5. Suppose z - 8 = -7*z. Let b be o(z). Calculate the greatest common factor of 115 and b.
23
Suppose -z + 38 = -2*w, -w = -4*z + 2*z + 61. Calculate the greatest common